a composite number?
True
Is 408345319 prime?
False
Is 2158405061 a prime number?
True
Is 1339679647 composite?
True
Is 1313501647 composite?
True
Is 8850640261 composite?
False
Is 124648081 composite?
False
Is 6283734533 a composite number?
False
Is 9531688139 composite?
True
Is 1232858101 prime?
True
Is 959061907 prime?
True
Is 16733919563 a composite number?
False
Is 979656413 composite?
False
Is 49739909953 a prime number?
False
Is 3997491749 a prime number?
True
Is 583055483 composite?
True
Is 168337824587 a composite number?
False
Is 12129215543 a composite number?
True
Is 26502218563 composite?
False
Is 2597175487 a prime number?
True
Is 261247703 a composite number?
False
Is 57959643253 a prime number?
False
Is 2669139443 a prime number?
False
Is 408410327 prime?
False
Is 7501830862 a prime number?
False
Is 13843189627 prime?
True
Is 2014403914 a prime number?
False
Is 204365561 a prime number?
False
Is 1356379949 a prime number?
True
Is 217286442353 prime?
True
Is 81995377997 prime?
False
Is 1253033311 prime?
True
Is 716610101 a prime number?
False
Is 18053967349 a prime number?
False
Is 501216107811 prime?
False
Is 128163873517 prime?
True
Is 31008929669 a prime number?
True
Is 1587458023 a prime number?
False
Is 1269762401 a prime number?
True
Is 28582672813 a prime number?
False
Is 4372785451 prime?
False
Is 19769544979 prime?
False
Is 1570248737 composite?
True
Is 45737375069 a composite number?
False
Is 72472716859 a prime number?
False
Is 2894432639 composite?
True
Is 19928594278 composite?
True
Is 60793548091 composite?
True
Is 1032670987 a prime number?
True
Is 938504503 a composite number?
True
Is 14375148197 composite?
True
Is 57891571 composite?
False
Is 422225411 a composite number?
False
Is 330816419 composite?
True
Is 9786424619 composite?
False
Is 11788916743 composite?
False
Is 3658515043 composite?
True
Is 1505989741 prime?
False
Is 1707921307 a composite number?
True
Is 3142874191 a composite number?
False
Is 29925541 prime?
True
Is 43513898261 prime?
True
Is 65002763927 composite?
True
Is 7351058291 a prime number?
True
Is 763486549 a prime number?
False
Is 10347857873 prime?
True
Is 14270313943 a prime number?
True
Is 2094350051 a prime number?
True
Is 97794533 a prime number?
True
Is 22268494387 a prime number?
True
Is 6583276169 a composite number?
True
Is 1197877141 a prime number?
True
Is 916634773 prime?
True
Is 22166914787 prime?
True
Is 2594640749 a prime number?
True
Is 36758975887 composite?
False
Is 1258136329 a prime number?
False
Is 36257389879 prime?
False
Is 6875658589 a prime number?
True
Is 375380179 composite?
True
Is 15274739113 a composite number?
True
Is 1355863669 prime?
False
Is 37338280039 a composite number?
False
Is 157895920703 prime?
True
Is 22757154267 a composite number?
True
Is 38706791681 prime?
True
Is 2030906954 composite?
True
Is 1988559959 a composite number?
True
Is 2154676729 composite?
False
Is 271612634017 a prime number?
True
Is 95156298631 composite?
False
Is 25230896267 composite?
False
Is 12070684517 composite?
True
Is 394495331 prime?
True
Is 4698732067 composite?
False
Is 24138988897 composite?
False
Is 13041060127 a composite number?
True
Is 13015421231 prime?
True
Is 1375079957 composite?
False
Is 8477931403 a composite number?
True
Is 9408551 a composite number?
True
Is 238768529 a prime number?
True
Is 29373563049 a composite number?
True
Is 110117658305 a composite number?
True
Is 364743751 prime?
True
Is 4077397 a composite number?
False
Is 86235971351 a composite number?
False
Is 245611433 a prime number?
True
Is 2010446593 a composite number?
False
Is 7972919959 prime?
True
Is 41476734769 composite?
False
Is 212222957 a composite number?
True
Is 1582622411 a composite number?
False
Is 18364525909 prime?
False
Is 10256069407 a composite number?
True
Is 18339701927 a composite number?
False
Is 71902949 composite?
True
Is 6415619759 a composite number?
False
Is 126354311 a prime number?
True
Is 21720658579 a composite number?
False
Is 33957288413 composite?
False
Is 8781768053 composite?
False
Is 806840993 composite?
True
Is 13307470693 composite?
True
Is 2159949837 a prime number?
False
Is 1618600189 a prime number?
False
Is 35405026253 prime?
False
Is 62496739 prime?
True
Is 237174107 prime?
False
Is 432233422 a composite number?
True
Is 7477595171 prime?
False
Is 942498383 composite?
False
Is 3539978227 a prime number?
True
Is 1585646441 prime?
True
Is 3797983703 composite?
True
Is 60614445443 composite?
False
Is 769641679 composite?
False
Is 58980472147 prime?
True
Is 560557259 a prime number?
True
Is 2569969019 composite?
False
Is 2389319393 prime?
True
Is 525848993 a composite number?
True
Is 20453908259 prime?
True
Is 980425681 composite?
False
Is 73647073343 a composite number?
True
Is 1242787357 composite?
True
Is 1248355477 composite?
False
Is 4384939439 prime?
True
Is 6323063683 composite?
False
Is 21150507601 a composite number?
True
Is 363301091 a prime number?
True
Is 4222628819 a prime number?
True
Is 526467191 a prime number?
False
Is 14174975161 composite?
True
Is 1372578349 prime?
True
Is 59632078573 a composite number?
True
Is 10401236627 a composite number?
True
Is 19730001541 a prime number?
True
Is 183571561 a prime number?
False
Is 5646863567 a prime number?
True
Is 935820797 prime?
True
Is 9054847091 composite?
False
Is 195508277 a composite number?
True
Is 3148859603 prime?
True
Is 6946573567 prime?
True
Is 38984299927 prime?
False
Is 8011296191 composite?
False
Is 3476876287 a prime number?
False
Is 3339866821 prime?
True
Is 13002798397 composite?
False
Is 1616737103 a composite number?
True
Is 5459010643 a composite number?
False
Is 10347058487 composite?
False
Is 239906138 prime?
False
Is 241942457 composite?
False
Is 3709267 composite?
True
Is 134103510929 a composite number?
False
Is 51814714181 prime?
False
Is 9605550457 prime?
False
Is 8979079757 a composite number?
True
Is 43022265677 composite?
False
Is 5208094837 a prime number?
False
Is 8962882429 composite?
False
Is 405982349 prime?
True
Is 79804097 a composite number?
True
Is 2282057 a prime number?
True
Is 1247709857 a prime number?
False
Is 83884621 a composite number?
False
Is 1260437089 composite?
False
Is 4514431193 a prime number?
True
Is 1288863473 prime?
True
Is 2457192313 a prime number?
True
Is 1843722557 a prime number?
False
Is 2214653149 composite?
True
Is 1901485231 prime?
True
Is 3449650018 prime?
False
Is 2012364821 prime?
False
Is 1024005947 a composite number?
True
Is 87670453477 prime?
False
Is 1033658317 prime?
True
Is 66152911657 a prime number?
False
Is 3022516642 a prime number?
False
Is 25574600869 prime?
True
Is 17038827215 prime?
False
Is 50587029683 a composite number?
False
Is 38660330257 prime?
False
Is 23757184991 prime?
True
Is 1663300649 a prime number?
True
Is 3761737621 composite?
False
Is 495484697 composite?
True
Is 858296011 prime?
True
Is 862488377 a prime number?
True
Is 527015401 a composite number?
True
Is 126552581939 prime?
False
Is 17402033437 a composite number?
False
Is 6325745771 prime?
False
Is 3907072931 prime?
False
Is 8960664247 a prime number?
True
Is 80060831 prime?
False
Is 2338631177 a prime number?
False
Is 57863499937 a prime number?
True
Is 7769956319 a composite number?
True
Is 10912857779 prime?
False
Is 22359445523 a composite number?
True
Is 7237781293 a composite number?
True
Is 236245957 composite?
True
Is 33426850811 composite?
False
Is 149940619555 a composite number?
True
Is 318866803 a composite number?
True
Is 109383749 a composite number?
False
Is 2548102333 composite?
True
Is 1635585851 prime?
False
Is 75881327 prime?
True
Is 680903081 a composite number?
False
Is 8819192489 a prime number?
True
Is 14761379099 a prime number?
True
Is 130608061 composite?
False
Is 14103836029 composite?
True
Is 925926493 prime?
False
Is 1939153631 prime?
True
Is 4944241153 a composite number?
False
Is 119682578095 a prime number?
False
Is 11136727713 a composite number?
True
Is 1743621307 a prime number?
True
Is 3374511611 a prime number?
False
Is 6245583829 a composite number?
True
Is 68942435 prime?
False
Is 2591790289 a composite number?
True
Is 1362227197 prime?
True
Is 367108877 a composite number?
True
Is 17378544154